{"id":7,"date":"2017-12-06T20:24:46","date_gmt":"2017-12-06T19:24:46","guid":{"rendered":"http:\/\/ouvriersdejoie.org\/theatre-citoyen-de-la-noue\/?page_id=7"},"modified":"2022-03-13T22:11:00","modified_gmt":"2022-03-13T21:11:00","slug":"accueil","status":"publish","type":"page","link":"http:\/\/ouvriersdejoie.org\/theatre-citoyen-de-la-noue\/","title":{"rendered":"Derni\u00e8res actus"},"content":{"rendered":"<p style=\"text-align: left;\">L&rsquo;Assembl\u00e9e de la R\u00e9publique Ind\u00e9pendante et Autonome de la Noue se tiendra le 17 juin !<\/p>\n<p style=\"text-align: left;\">Venez nombreux participer au vote des lois que vous avez propos\u00e9es, prendre la parole librement pour dire tout ce que vous souhaitez et donner l&rsquo;opportunit\u00e9 \u00e0 La Noue de se faire entendre.<\/p>\n","protected":false},"excerpt":{"rendered":"<p>L&rsquo;Assembl\u00e9e de la R\u00e9publique Ind\u00e9pendante et Autonome de la Noue se tiendra le 17 juin ! Venez nombreux participer au vote des lois que vous avez propos\u00e9es, prendre la parole librement pour dire tout ce que vous souhaitez et donner l&rsquo;opportunit\u00e9 \u00e0 La Noue de se faire entendre.<\/p>\n","protected":false},"author":1,"featured_media":108,"parent":0,"menu_order":0,"comment_status":"closed","ping_status":"closed","template":"","meta":[],"_links":{"self":[{"href":"http:\/\/ouvriersdejoie.org\/theatre-citoyen-de-la-noue\/wp-json\/wp\/v2\/pages\/7"}],"collection":[{"href":"http:\/\/ouvriersdejoie.org\/theatre-citoyen-de-la-noue\/wp-json\/wp\/v2\/pages"}],"about":[{"href":"http:\/\/ouvriersdejoie.org\/theatre-citoyen-de-la-noue\/wp-json\/wp\/v2\/types\/page"}],"author":[{"embeddable":true,"href":"http:\/\/ouvriersdejoie.org\/theatre-citoyen-de-la-noue\/wp-json\/wp\/v2\/users\/1"}],"replies":[{"embeddable":true,"href":"http:\/\/ouvriersdejoie.org\/theatre-citoyen-de-la-noue\/wp-json\/wp\/v2\/comments?post=7"}],"version-history":[{"count":1,"href":"http:\/\/ouvriersdejoie.org\/theatre-citoyen-de-la-noue\/wp-json\/wp\/v2\/pages\/7\/revisions"}],"predecessor-version":[{"id":127,"href":"http:\/\/ouvriersdejoie.org\/theatre-citoyen-de-la-noue\/wp-json\/wp\/v2\/pages\/7\/revisions\/127"}],"wp:featuredmedia":[{"embeddable":true,"href":"http:\/\/ouvriersdejoie.org\/theatre-citoyen-de-la-noue\/wp-json\/wp\/v2\/media\/108"}],"wp:attachment":[{"href":"http:\/\/ouvriersdejoie.org\/theatre-citoyen-de-la-noue\/wp-json\/wp\/v2\/media?parent=7"}],"curies":[{"name":"wp","href":"https:\/\/api.w.org\/{rel}","templated":true}]}}